3
-1 + (0 - -4) + 11 + -8
6
Evaluate 0 + -10 + 5 - (2 + -1).
-6
0 - (-2 + 3 + 0 - -2)
-3
Calculate -3 + 3 + 1 - 3 - -1.
-1
Evaluate -2 + (0 - (-3 - -2) - -2).
1
Calculate -4 - ((-4 - 2) + 3).
-1
(9 - 1) + (-23 - -12)
-3
What is 4 - (5 + -5 - -2)?
2
-2 + 6 + (-1 - 2)
1
What is the value of 3 - (1 + 2 + 2)?
-2
(-2 - 2) + 2 + -1
-3
1 - (-16 + 16 + -6)
7
What is 0 + -2 + 1 + 2?
1
Calculate -2 - (2 + -4 - -6).
-6
What is the value of -2 - (-4 + 7 + -4)?
-1
What is the value of 1 - (7 + -2 + (1 - 9))?
4
Evaluate 11 + -4 - 4 - 2.
1
Evaluate 4 + 1 - (-17 + 3 - -13).
6
-79 + 76 + (-3 - -12 - 3)
3
What is the value of 24 + -1 + (5 - 17)?
11
0 - -1 - (-115 + 122)
-6
-5 + (7 + -5 + -2 - -6)
1
What is the value of -1 + -2 - (4 - (1 - -4))?
-2
What is -5 + (5 - 7) + 8?
1
What is the value of -3 + -3 + 10 + 0 + -3?
1
What is (-3 + 7 - (5 - -1)) + 6?
4
Calculate (-6 - (0 + -3) - -2) + 3.
2
What is the value of 1 - (-7 + (8 + -6 - 3))?
9
4 - 2 - 5 - (-6 - -2)
1
What is the value of -8 + 4 - ((-6 - -4) + 1)?
-3
Evaluate -3 - (-1 - 4 - -3).
-1
Calculate -5 + 3 + 1 + (-6 - -4).
-3
-1 - ((-1 - 4) + 10 + -8)
2
Calculate -1 - (5 - (-1 + 7 + -5)).
-5
Evaluate 33 - 32 - (0 + -1).
2
Calculate (-5 - 8) + 6 - -4.
-3
What is 6 + -2 + (-10 - -3)?
-3
What is the value of 5 + -1 + (0 - 0) + -3?
1
What is the value of -11 - -22 - 2 - 3?
6
Evaluate 8 - (4 + -3) - (26 - 21).
2
What is the value of 13 - 12 - (-2 + 9)?
-6
Calculate 3 - (0 - (-3 + 4)).
4
-1 + 2 + -2 + (24 - 25)
-2
Evaluate 6 + -2 + (-2 - (0 + -3)).
5
Calculate -6 + 9 + -6 + -6.
-9
What is -1 + 2 - (-11 + 8)?
4
6 + (2 - -15 - 13)
10
-7 + (2 - (3 - 8))
0
(-9 - -3) + 3 - -7
4
1 + -2 - -10 - 4
5
What is the value of 6 - (0 + 3) - 5?
-2
-3 + 5 - (8 - 1)
-5
-172 - -175 - (13 + 0)
-10
What is the value of 2 + -5 + 0 + (-4 - -2)?
-5
What is (-2 - 0) + 15 + -9?
4
Evaluate (-16 - -12) + 1 + -1.
-4
(1 - 3) + (-1 - -5) + -2
0
Evaluate -43 + 38 + 6 + -1.
0
-41 - -48 - (2 - -3)
2
What is 3 - ((10 - 5) + -4)?
2
What is 11 - (-9 - -11) - 1?
8
-1 - (0 + -1) - (31 + -26)
-5
-6 + (4 + 0 - 1)
-3
Calculate 7 + (2 - (4 + -4 + 8)).
1
(-2 + 5 - 3) + (1 - -1)
2
Evaluate 0 + -2 - 9 - (-4 + 1).
-8
Evaluate -2 - (-1 + -3 + 1 + -3).
4
What is the value of 3 + (-2 - (-8 + 1 + 3))?
5
Calculate -2 + 1 + -5 + 4.
-2
What is the value of 16 + -9 - (5 + -2)?
4
What is the value of -1 - -10 - 4 - 0?
5
Calculate 5 + -2 + (2 - (1 - -6)).
-2
Calculate 2 + -9 + 9 - -1.
3
Evaluate (2 - 10) + (-5 - -5) + -1.
-9
What is the value of -13 + 32 + -3 - 11?
5
1 - 2 - 7 - -4
-4
Calculate -11 + 10 + 1 + 2 + -7.
-5
What is 4 + (0 - 4) + -12 + 13?
1
Calculate -1 + -1 - (26 + -21).
-7
What is 2 + (-1 - (2 + 0)) - 2?
-3
What is (-5 - (7 + -5) - 5) + 8?
-4
Calculate 0 - (0 + 5 - 10).
5
3 + -8 - (-1 - (5 - 0))
1
What is -7 + (-2 - (-1 + -4 + 1))?
-5
What is the value of (-1 - -3 - 4) + -7 + 8?
-1
Calculate 3 - (-3 + -1 - -5).
2
What is (0 - 2) + (0 - -1 - 2)?
-3
Calculate (5 - 1) + -4 - (-7 - -3).
4
What is 0 + 3 - 1 - (-23 + 20)?
5
Calculate 3 - 0 - (4 - (-2 + 4)).
1
Evaluate 6 + -4 + 4 + -8.
-2
What is the value of 0 + -2 - (-1 - 0 - 4)?
3
Calculate -1 + -2 + (-211 - -207).
-7
(-9 - -4 - -1) + -1
-5
What is the value of -2 + (-11 - -8 - -12)?
7
Evaluate 2 + (3 - -1 - 3).
3
What is -5 - (-3 - ((8 - -2) + -5))?
3
Calculate 0 + (1 - (-4 - -2)) + -5.
-2
Evaluate (1 + 1 - (5 - 4)) + 1.
2
What is the value of (1 - -3) + (-11 - -7) + 0?
0
Evaluate 3 + -9 + 25 - 11.
8
-6 + (2 - (4 - 6))
-2
Calculate -6 - (8 + -11 + -8).
5
4 - 12 - -15 - 12
-5
-9 - (2 - (0 + 8))
-3
What is 1 - (4 + -4 - 4)?
5
What is the value of -12 + 11 + -2 + 4 - -4?
5
Calculate (-13 - -7) + (11 - 0).
5
-3 - (0 + -6 + 3)
0
Calculate -1 - (8 - 6 - -3).
-6
(-3 - ((2 - 6) + 3)) + 7
5
What is -14 - -10 - (1 - 5)?
0
Evaluate 0 - (1 + (-6 - -1)) - 7.
-3
Evaluate -2 - (10 - 11 - (3 - 3)).
-1
-2 - (-2 - (3 - -3 - 10))
-4
Evaluate -6 + (4 + -1 - 4).
-7
(3 - (-19 + 13)) + 0
9
What is the value of (0 - 2) + 1 + 3?
2
What is 3 - 0 - (-4 - (-8 + 6))?
5
(0 - (4 + -1)) + 0
-3
Calculate -3 - 1 - (5 + -7).
-2
Evaluate -11 - -12 - (0 - -1).
0
Evaluate 3 - ((0 - 4) + 9).
-2
-6 - (-7 - -1 - -3)
-3
Evaluate (47 - 44) + (0 - 1).
2
Evaluate 2 + (6 - (-7 - -19) - -1).
-3
(0 - (-4 - (2 - 2))) + 1
5
Evaluate 44 - 41 - (2 - 5).
6
What is the value of 0 + -2 + 5 + -2 + -4?
-3
6 - 3 - (3 + -2) - 2
0
Calculate 1 + 3 + -20 + 12.
-4
What is the value of 1 - 3 - (-4 + 0 + -2)?
4
What is the value of -1 + -3 + -3 + 8 + -1?
0
Calculate -3 - (8 - (1 + 18)).
8
What is -9 + (-6 + -7 - -25)?
3
Calculate 0 + (10 - (5 + -8 - -10)).
3
(-2 + -13 - -10) + (6 - 0)
1
What is -10 + 11 + (-14 - -10)?
-3
What is 5 + (-2 - 3 - -2)?
2
What is 17 + -9 - (2 + 5)?
1
(1 - (-3 + 7)) + 4 + -1
0
What is (5 - 3) + -2 + 3?
3
-10 + 6 + 7 + -9
-6
What is the value of 36 + -22 + (3 - 22)?
-5
-4 - 4 - (2 + (2 - 9))
-3
(-7 - -11) + -2 + 0
2
(-2 - (-6 + 1)) + -4
-1
Evaluate -10 + (6 - (-5 - (-11 - -5))).
-5
What is -3 - (0 + (-4 - -4)) - -8?
5
30 + -32 - (-2 - -8)
-8
Calculate (0 + -3 - -6) + -2 + -3.
-2
2 + (5 - 8) - (2 - -2)
-5
What is the value of 0 - -5 - (-4 + -6 + 15)?
0
What is -4 + 0 + (3 + -9 - -5)?
-5
-18 + 21 - (5 - (0 - -1))
-1
What is the value of 17 - 13 - 9 - (1 - 3)?
-3
Evaluate 1 - (2 + 1 + 3 + -8).
3
What is the value of 2 + (0 - 0 - 3) + 0?
-1
Calculate 9 + (11 - 3 - 27).
-10
What is 11 + -7 - (1 + -10 + 8)?
5
Calculate -2 - -1 - (71 - 78).
6
What is the value of (-1 - 2) + -2 + 4?
-1
What is the value of (1 - 7) + (9 - 5)?
-2
Evaluate 1 - -10 - (-42 + 42).
11
What is the value of (-20 - -25) + (-2 - 1)?
2
Evaluate -4 - 1 - (3 + (-4 - 6)).
2
What is the value of -5 + (-7 - -15) - (3 + 1)?
-1
What is the value of -1 + (2 - 0) + -2 + 0?
-1
What is the value of (-4 - (-2 + 2)) + -1?
-5
What is the value of (25 - 25) + -2 + 2?
0
What is 3 - ((-6 - -5) + 2)?
2
What is the value of (-1 - 5) + -3 - (16 + -21)?
-4
-5 + (2 - -5 - -2)
4
-7 - -4 - -8 - 4
1
What is the value of 3 + -3 - (-16 - -12)?
4
Calculate (21 - (24 + -9)) + 0 + 2.
8
(-10 - (-10 + (5 - -1))) + 2
-4
What is 3 + 2 + -6 + 1 + 5?
5
Evaluate -5 + 2 + 0 + -3 + 3.
-3
-1 + 4 + (19 - 27) + 7
2
What is (9 - 3) + 0 + 0?
6
0 + -3 - (3 - 7)
1
What is 11 + -10 - (-2 + 1 - -4)?
-2
Evaluate (-1 + -3 - 1) + 1.
-4
Calculate (2 + 3 - 1 - -5) + -5.
4
What is the value of -2 + -1 + 10 - (2 - 3)?
8
Evaluate 4 + -5 + 1 + -5.
-5
(-6 - (-34 + 18)) + (-2 - 4)
4
What is 5 + (3 + 0 - (-9 - -15))?
2
Calculate -4 + -3 + 1 + 3.
-3
What is the value of (-4 - -1) + (0 - (1 - 9))?
5
(9 - 4) + 0 + 0 - -1
6
Evaluate (9 - 4) + -5 + 1 - 5.
-4
What is (1 - (-4 - -9)) + 8?
4
-4 + -3 + 6 + 3 - 10
-8
What is the value of -6 - (-9 - 1 - -1)?
3
Calculate 1 + -2 - 3 - (-13 - -6).
3
-33 - -33 - (-4 - 1)
5
What is 2 - (10 - 12 - (-1 + -5))?
-2
Evaluate 11 + 5 + -5 + -6.
5
What is the value of -2 + (-1 - 1) + (11 - 11)?
-4
What is 2 + -9 + 2 + 1 + 0?
-4
2 + -4 - (8 - 12)
2
What is 11 + (12 - 19) + 5?
9
7 + (-12 + -6 - -8)
-3
What is 0 - (4 - 2) - (-3 + 4)?
-3
Calculate 3 - 2 - 1 - (-5 + 9).
-4
What is the value of 0 - (-1 + -1) - (-2 + 1)?
3
Calculate (0 - 8) + 4 + 6.
2
-4 + 0 + (2 + -2 - -3)
-1
-4 + 3 + 0 + 6
5
What is the value of -1 + 7 + -11 - (6 + -4)?
-7
Evaluate -10 + 5 - (1 - 2).
-4
What is the value of (-13 + 7 - -3) + 2?
-1
What is -6 + 1 + (5 - (0 - 0))?
0
Calculate (-7 - -4) + 4 - (1 + 1).
-1
11 + (-1 - 3) + -15 + 15
7
What is the value of 10 - (-5 - -12) - 8?
-5
What is -14 + 17 - (-1 + 4)?
0
Calculate -2 - (0 - 0 - 1 - 2).
1
Evaluate 11 - (-5 + 12 + -1) - 12.
-7
Calculate -1 + 0 - (4 + 2 - 7).
0
Evaluate (17 - 1) + (-192 - -180).
4
Evaluate -6 - -1 - (1 + -1 - 7).
2
What is (-2 - (5 + -3)) + (24 - 27)?
-7
Calculate 4 + 1 + 1 + -6 + 2.
2
-4 + (2 - (0 + -1 + 2))
-3
Calculate 10 + -9 - (-4 - -10).
-5
Evaluate -6 + 3 + 7 + (-7 - -7).
4
What is the value of -2 + (0 - 1) + -30 + 34?
1
What is (4 - 14 - -1) + 8?
-1
Calculate 1 - 2 - (15 + -21).
5
What is (0 + 0 - (22 - 20)) + -1?
-3
(7 - (-8 + 16)) + -3
-4
What is the value of 3 + (-5 - 3) + 4?
-1
What is 8 + 1 + 0 + -4?
5
What is -1 + (-14 - -3 - -17)?
5
What is (9 - (2 - -2)) + -14?
-9
Calculate (-7 + 3 - (-11 - -3)) + -3.
1
What is (-2 - 2) + (-28 - -41)?
9
What is 2 + 1 + (3 - 6) + 1?
1
Calculate (11 - 6) + (-7 - (8 - 3)).
-7
What is the value of 0 - (2 + (-2 - 4))?
4
What i